r?
True
Is 5398821881 a composite number?
False
Is 13020345529 composite?
True
Is 6682672117 composite?
True
Is 28171248899 composite?
False
Is 5962455157 composite?
False
Is 963621073 composite?
True
Is 9840049 prime?
True
Is 194765528077 a prime number?
False
Is 235472323 prime?
False
Is 1597661507 a prime number?
False
Is 292560935 prime?
False
Is 18161777929 a composite number?
True
Is 1042625513 a composite number?
True
Is 26670633131 prime?
True
Is 6407814779 a prime number?
True
Is 6953801779 a composite number?
False
Is 3279269017 composite?
True
Is 666569107 composite?
False
Is 119233994753 a prime number?
True
Is 87985753 a composite number?
True
Is 41648129 prime?
False
Is 3288928807 a composite number?
True
Is 1601504501 a prime number?
True
Is 5507300887 a prime number?
False
Is 7734197697 a prime number?
False
Is 11657713499 composite?
False
Is 1054555071 a prime number?
False
Is 10583426369 prime?
True
Is 727959851 a prime number?
True
Is 3486242651 a composite number?
False
Is 67841519299 a composite number?
False
Is 22951530431 a prime number?
True
Is 32421551849 composite?
True
Is 881515781 a composite number?
True
Is 2840234759 a prime number?
True
Is 40934257123 composite?
True
Is 980569697 composite?
True
Is 752474039 prime?
True
Is 6551464009 prime?
False
Is 43233481 a composite number?
False
Is 535536559 a composite number?
True
Is 36391490263 composite?
False
Is 1322284753 prime?
False
Is 1043118127 a composite number?
False
Is 40104720379 prime?
False
Is 51406173019 a prime number?
False
Is 34108218637 a composite number?
True
Is 276220222535 composite?
True
Is 8689401619 composite?
False
Is 816564647 composite?
True
Is 112956329 a composite number?
False
Is 37920899 prime?
True
Is 1583794801 prime?
True
Is 81230134607 prime?
True
Is 178117757 prime?
True
Is 10576162427 a composite number?
True
Is 2551699871 a composite number?
True
Is 5708393101 a composite number?
False
Is 1691790917 prime?
True
Is 56286449933 a prime number?
False
Is 65450549 a prime number?
True
Is 7158449777 a composite number?
True
Is 209163971 a composite number?
True
Is 1267801097 prime?
True
Is 42877569793 a composite number?
True
Is 2089947053 composite?
True
Is 8516080327 a prime number?
False
Is 5693481863 a composite number?
False
Is 4590920483 composite?
True
Is 3816608977 prime?
False
Is 14131960457 composite?
False
Is 26796887287 a composite number?
True
Is 74548315949 a composite number?
False
Is 829297093 composite?
True
Is 18203152651 a prime number?
False
Is 328220341 composite?
True
Is 8697104615 composite?
True
Is 11054157133 a composite number?
False
Is 55154839 a composite number?
True
Is 157313080633 a prime number?
True
Is 978917827 prime?
True
Is 490940657 composite?
False
Is 2998983259 a prime number?
True
Is 42124773761 prime?
False
Is 1220343373 a prime number?
True
Is 76881373 prime?
False
Is 4019649259 prime?
False
Is 26434440143 a prime number?
True
Is 889820537 a prime number?
False
Is 39785815543 a composite number?
False
Is 803675083 a prime number?
True
Is 3746727349 prime?
False
Is 86219139691 prime?
True
Is 1969080397 a composite number?
True
Is 46111844851 a composite number?
False
Is 304178533 prime?
True
Is 19251704663 a prime number?
False
Is 30767710663 prime?
True
Is 7813833899 prime?
False
Is 30859035719 prime?
True
Is 5159894393 a prime number?
True
Is 87347540893 prime?
True
Is 21672160063 a prime number?
False
Is 1961102321 a prime number?
True
Is 1243994251 a prime number?
False
Is 241666741 a composite number?
True
Is 443499347 prime?
True
Is 2957811823 composite?
False
Is 2587674247 a composite number?
False
Is 26632760527 prime?
False
Is 8226815761 composite?
False
Is 46654934237 a composite number?
False
Is 5878679549 composite?
True
Is 16273790519 a prime number?
False
Is 38296740371 a composite number?
True
Is 2360268019 composite?
False
Is 36489661079 composite?
False
Is 3054029623 prime?
True
Is 11511320615 a prime number?
False
Is 3117953303 prime?
True
Is 76634255299 a composite number?
True
Is 286214339 a composite number?
False
Is 3105435383 a composite number?
False
Is 6190400669 a composite number?
True
Is 51145231 a prime number?
False
Is 939761573 prime?
False
Is 1101766157 a composite number?
True
Is 49286874059 prime?
True
Is 89520435493 a prime number?
False
Is 7635113009 prime?
True
Is 218928570599 a composite number?
True
Is 353739097 prime?
True
Is 2636727209 a composite number?
True
Is 84990422443 prime?
False
Is 439029401 a prime number?
True
Is 2227644487 a composite number?
True
Is 16240992098 a composite number?
True
Is 206574503 a composite number?
False
Is 81327506873 composite?
False
Is 355506797 a prime number?
True
Is 23442071 a prime number?
False
Is 2009378747 prime?
True
Is 9734863241 composite?
False
Is 514576331 a composite number?
False
Is 41635768333 prime?
False
Is 40339029281 a composite number?
False
Is 4080734891 prime?
True
Is 6193165543 a composite number?
False
Is 399798053 prime?
False
Is 30707135269 composite?
True
Is 1771766881 a composite number?
True
Is 263251320713 composite?
True
Is 147561289 a prime number?
True
Is 8035944541 a composite number?
False
Is 4483521667 prime?
False
Is 74216112253 a prime number?
True
Is 31803881 a prime number?
True
Is 1219477757 a composite number?
False
Is 1028774863 a composite number?
False
Is 3945107003 composite?
False
Is 28423844803 a prime number?
True
Is 34462490143 a composite number?
False
Is 450733499 prime?
True
Is 8797215551 a prime number?
True
Is 92697503 a composite number?
False
Is 38760782763 a composite number?
True
Is 1370772107 composite?
False
Is 17116158761 a prime number?
False
Is 13740306739 a composite number?
True
Is 18620657537 a composite number?
False
Is 74743171 a prime number?
False
Is 197317163 a composite number?
True
Is 35724193807 composite?
False
Is 6960305915 a prime number?
False
Is 2912134417 composite?
False
Is 5942972891 prime?
False
Is 8239459531 prime?
True
Is 7496397599 prime?
False
Is 43178293 a prime number?
True
Is 6357368573 a composite number?
False
Is 45436415762 prime?
False
Is 83318647 prime?
False
Is 888306277 a composite number?
False
Is 28574794961 prime?
True
Is 1782514417 composite?
True
Is 725824679 composite?
False
Is 567986255 composite?
True
Is 1139606539 a prime number?
True
Is 6784926461 a prime number?
False
Is 900321161 prime?
False
Is 11080841243 composite?
True
Is 1932678674 a prime number?
False
Is 1082405867 prime?
True
Is 64872878527 a prime number?
True
Is 5027092823 a composite number?
False
Is 381912257 prime?
False
Is 23562292205 a prime number?
False
Is 454658339 prime?
True
Is 4717955329 a composite number?
True
Is 725381 composite?
False
Is 1995930743 a composite number?
False
Is 104280219051 a prime number?
False
Is 230906077 a composite number?
True
Is 845510851 a prime number?
False
Is 1217844599 composite?
False
Is 2338739783 prime?
True
Is 685507001 a prime number?
False
Is 3982754201 prime?
True
Is 1463883649 composite?
False
Is 1239430319 composite?
True
Is 5388792137 a prime number?
False
Is 153576126271 prime?
True
Is 4744938923 prime?
True
Is 262737649 composite?
False
Is 956235107 composite?
False
Is 126243281 prime?
False
Is 16523870113 prime?
True
Is 31033194763 a composite number?
True
Is 1628706754 prime?
False
Is 1914414883 a prime number?
True
Is 25740379429 composite?
False
Is 110146099199 composite?
True
Is 32039301881 a prime number?
True
Is 36493306367 composite?
True
Is 53084721677 composite?
True
Is 1388695663 a prime number?
True
Is 475586153 prime?
False
Is 65371254199 a composite number?
False
Is 169783723363 a composite number?
False
Is 15541223 a composite number?
False
Is 464196041 prime?
True
Is 142447420669 a prime number?
True
Is 1073363339 prime?
True
Is 50015594935 a prime number?
False
Is 62466455 prime?
False
Is 46159177877 composite?
False
Is 1097250421 prime?
False
Is 12034934159 a prime number?
False
Is 5641660447 a prime number?
False
Is 204699763 composite?
False
Is 139248521 composite?
False
Is 156847735381 composite?
True
Is 6822927887 composite?
True
Is 133390634611 composite?
True
Is 4053793853 a composite number?
True
Is 10634297501 a prime number?
False
Is 53690583409 a composite number?
Fals